inder when 258 is divided by 85?
3
Calculate the remainder when 415 is divided by 53.
44
Calculate the remainder when 1112 is divided by 12.
8
What is the remainder when 578 is divided by 70?
18
Calculate the remainder when 64 is divided by 33.
31
Calculate the remainder when 12871 is divided by 36.
19
Calculate the remainder when 6465 is divided by 77.
74
What is the remainder when 466 is divided by 19?
10
Calculate the remainder when 2317 is divided by 1154.
9
What is the remainder when 2157 is divided by 27?
24
Calculate the remainder when 2283 is divided by 18.
15
What is the remainder when 564 is divided by 115?
104
What is the remainder when 100 is divided by 21?
16
What is the remainder when 69 is divided by 42?
27
What is the remainder when 21 is divided by 15?
6
What is the remainder when 5656 is divided by 23?
21
Calculate the remainder when 649 is divided by 81.
1
Calculate the remainder when 691 is divided by 145.
111
Calculate the remainder when 4118 is divided by 823.
3
Calculate the remainder when 101 is divided by 82.
19
Calculate the remainder when 1123 is divided by 161.
157
What is the remainder when 888 is divided by 219?
12
Calculate the remainder when 1289 is divided by 34.
31
What is the remainder when 2997 is divided by 6?
3
What is the remainder when 4841 is divided by 7?
4
What is the remainder when 94 is divided by 16?
14
What is the remainder when 1108 is divided by 36?
28
Calculate the remainder when 1389 is divided by 9.
3
Calculate the remainder when 277 is divided by 93.
91
What is the remainder when 1543 is divided by 31?
24
Calculate the remainder when 130 is divided by 67.
63
What is the remainder when 2413 is divided by 55?
48
Calculate the remainder when 257 is divided by 86.
85
What is the remainder when 801 is divided by 67?
64
What is the remainder when 124 is divided by 42?
40
Calculate the remainder when 2187 is divided by 20.
7
Calculate the remainder when 453 is divided by 443.
10
Calculate the remainder when 104 is divided by 46.
12
What is the remainder when 1201 is divided by 7?
4
What is the remainder when 19689 is divided by 47?
43
Calculate the remainder when 2486 is divided by 15.
11
Calculate the remainder when 66 is divided by 10.
6
What is the remainder when 795 is divided by 351?
93
What is the remainder when 3066 is divided by 181?
170
What is the remainder when 86 is divided by 78?
8
Calculate the remainder when 621 is divided by 300.
21
What is the remainder when 6174 is divided by 95?
94
What is the remainder when 136 is divided by 79?
57
Calculate the remainder when 307 is divided by 91.
34
What is the remainder when 31 is divided by 8?
7
What is the remainder when 4371 is divided by 312?
3
Calculate the remainder when 213 is divided by 110.
103
What is the remainder when 13 is divided by 11?
2
What is the remainder when 818 is divided by 170?
138
What is the remainder when 1467 is divided by 70?
67
What is the remainder when 3206 is divided by 1068?
2
What is the remainder when 508 is divided by 73?
70
What is the remainder when 361 is divided by 189?
172
What is the remainder when 1007 is divided by 187?
72
Calculate the remainder when 106 is divided by 18.
16
What is the remainder when 478 is divided by 111?
34
What is the remainder when 186 is divided by 178?
8
Calculate the remainder when 40 is divided by 20.
0
What is the remainder when 222 is divided by 25?
22
What is the remainder when 181 is divided by 9?
1
What is the remainder when 241 is divided by 92?
57
Calculate the remainder when 3180 is divided by 22.
12
What is the remainder when 3994 is divided by 74?
72
Calculate the remainder when 53 is divided by 23.
7
Calculate the remainder when 317 is divided by 96.
29
What is the remainder when 3392 is divided by 13?
12
What is the remainder when 3606 is divided by 60?
6
What is the remainder when 39418 is divided by 219?
217
Calculate the remainder when 212 is divided by 49.
16
Calculate the remainder when 16068 is divided by 56.
52
Calculate the remainder when 1717 is divided by 856.
5
What is the remainder when 468 is divided by 58?
4
What is the remainder when 827 is divided by 170?
147
Calculate the remainder when 198 is divided by 27.
9
Calculate the remainder when 57191 is divided by 279.
275
Calculate the remainder when 652 is divided by 28.
8
Calculate the remainder when 98 is divided by 28.
14
What is the remainder when 1321 is divided by 439?
4
Calculate the remainder when 402 is divided by 121.
39
Calculate the remainder when 326 is divided by 66.
62
What is the remainder when 248 is divided by 90?
68
What is the remainder when 1656 is divided by 166?
162
Calculate the remainder when 358 is divided by 116.
10
Calculate the remainder when 188 is divided by 32.
28
What is the remainder when 532 is divided by 108?
100
What is the remainder when 4134 is divided by 30?
24
What is the remainder when 186 is divided by 48?
42
Calculate the remainder when 2657 is divided by 95.
92
Calculate the remainder when 214 is divided by 74.
66
Calculate the remainder when 91 is divided by 48.
43
Calculate the remainder when 27 is divided by 14.
13
What is the remainder when 1126 is divided by 82?
60
Calculate the remainder when 431 is divided by 27.
26
What is the remainder when 171 is divided by 63?
45
Calculate the remainder when 1233 is divided by 392.
57
What is the remainder when 445 is divided by 30?
25
Calculate the remainder when 3123 is divided by 142.
141
What is the remainder when 52 is divided by 7?
3
Calculate the remainder when 1394 is divided by 157.
138
Calculate the remainder when 12431 is divided by 112.
111
Calculate the remainder when 304 is divided by 87.
43
Calculate the remainder when 317 is divided by 20.
17
Calculate the remainder when 430 is divided by 20.
10
What is the remainder when 1594 is divided by 11?
10
What is the remainder when 1151 is divided by 34?
29
Calculate the remainder when 938 is divided by 10.
8
What is the remainder when 598 is divided by 67?
62
Calculate the remainder when 184 is divided by 47.
43
Calculate the remainder when 7115 is divided by 6.
5
What is the remainder when 302 is divided by 72?
14
What is the remainder when 553 is divided by 131?
29
What is the remainder when 5281 is divided by 35?
31
Calculate the remainder when 958 is divided by 31.
28
Calculate the remainder when 909 is divided by 35.
34
What is the remainder when 1448 is divided by 63?
62
What is the remainder when 94 is divided by 35?
24
What is the remainder when 14201 is divided by 106?
103
What is the remainder when 967 is divided by 19?
17
Calculate the remainder when 401 is divided by 197.
7
What is the remainder when 116 is divided by 67?
49
What is the remainder when 1071 is divided by 38?
7
What is the remainder when 737 is divided by 53?
48
What is the remainder when 17007 is divided by 15?
12
What is the remainder when 2604 is divided by 33?
30
What is the remainder when 1396 is divided by 142?
118
What is the remainder when 631 is divided by 158?
157
What is the remainder when 5751 is divided by 13?
5
What is the remainder when 443 is divided by 54?
11
What is the remainder when 732 is divided by 240?
12
What is the remainder when 381 is divided by 122?
15
Calculate the remainder when 114 is divided by 29.
27
What is the remainder when 41 is divided by 17?
7
What is the remainder when 987 is divided by 16?
11
Calculate the remainder when 135 is divided by 44.
3
Calculate the remainder when 237 is divided by 6.
3
What is the remainder when 134 is divided by 41?
11
What is the remainder when 942 is divided by 16?
14
What is the remainder when 307 is divided by 48?
19
Calculate the remainder when 325 is divided by 33.
28
Calculate the remainder when 1527 is divided by 113.
58
What is the remainder when 655 is divided by 362?
293
What is the remainder when 2931 is divided by 586?
1
Calculate the remainder when 394 is divided by 11.
9
Calculate the remainder when 1201 is divided by 593.
15
What is the remainder when 26623 is divided by 5324?
3
What is the remainder when 285 is divided by 26?
25
Calculate the remainder when 1717 is divided by 132.
1
Calculate the remainder when 3557 is divided by 4.
1
What is the remainder when 50 is divided by 18?
14